 and 2657060?
140
Calculate the highest common factor of 171792 and 216.
72
Calculate the highest common factor of 28 and 47240872.
28
Calculate the greatest common divisor of 75 and 3047702075.
25
What is the greatest common divisor of 2681421 and 214953?
1569
Calculate the greatest common divisor of 50755738 and 44.
22
What is the greatest common factor of 22 and 233492?
2
What is the highest common factor of 4081 and 84848071?
4081
Calculate the highest common factor of 31477790 and 100.
10
Calculate the highest common divisor of 160 and 45851760.
80
Calculate the highest common divisor of 32 and 326456864.
32
What is the greatest common divisor of 217456020 and 9?
9
Calculate the greatest common factor of 432 and 4792552.
8
What is the greatest common factor of 47495 and 22540?
805
Calculate the highest common divisor of 10801690 and 70.
10
What is the greatest common divisor of 224 and 31017056?
224
What is the greatest common factor of 19 and 20370793?
19
What is the highest common factor of 884304 and 636528?
4272
Calculate the greatest common divisor of 6858 and 46514893.
127
Calculate the highest common divisor of 2115 and 114693.
3
Calculate the highest common divisor of 3100 and 9794900.
100
Calculate the greatest common divisor of 370608 and 43386.
42
Calculate the highest common factor of 2073753 and 198.
99
What is the greatest common divisor of 416061753 and 29?
29
Calculate the highest common divisor of 33756 and 13959076.
388
What is the greatest common divisor of 19 and 71957237?
19
Calculate the greatest common divisor of 10442 and 202630.
46
What is the greatest common factor of 1232 and 93104?
176
What is the highest common divisor of 148 and 53617699?
37
Calculate the highest common divisor of 60248 and 40868.
68
What is the highest common divisor of 190760 and 14623260?
5020
What is the highest common divisor of 50541665 and 545?
545
What is the greatest common factor of 4128 and 49099206?
258
What is the highest common divisor of 228445 and 68480?
535
What is the greatest common divisor of 130536640 and 16640?
4160
What is the highest common divisor of 398382 and 110550?
402
What is the greatest common factor of 29014400 and 12160?
640
What is the highest common divisor of 3689 and 4562341?
119
What is the highest common factor of 60160 and 24938670?
470
What is the greatest common divisor of 181825 and 400?
25
What is the highest common factor of 7080 and 21992?
8
What is the greatest common divisor of 315 and 321792885?
45
Calculate the greatest common divisor of 12192502 and 476.
238
What is the greatest common factor of 1025536 and 6009?
2003
Calculate the greatest common factor of 13332 and 74224092.
1212
What is the highest common divisor of 8939150 and 20?
10
Calculate the greatest common factor of 2511905 and 22.
11
What is the highest common divisor of 5794129736 and 166?
166
Calculate the greatest common factor of 1380 and 23955.
15
What is the greatest common divisor of 187523 and 11125?
89
Calculate the greatest common factor of 10775160 and 9570.
330
What is the highest common divisor of 12295945 and 15?
5
What is the highest common divisor of 307 and 1607759?
307
Calculate the highest common divisor of 202108727 and 467.
467
Calculate the highest common divisor of 1451 and 2359124311.
1451
Calculate the highest common factor of 1187289 and 580.
29
Calculate the greatest common divisor of 49650 and 9516912.
1986
What is the greatest common divisor of 104966961 and 1023?
1023
What is the highest common divisor of 21758490 and 78390?
1170
Calculate the greatest common divisor of 9554 and 3019013.
17
Calculate the greatest common divisor of 150417376 and 7008.
2336
Calculate the greatest common divisor of 1 and 3231769.
1
What is the greatest common divisor of 2483263 and 5517?
613
What is the greatest common factor of 240 and 433667712?
48
Calculate the highest common factor of 810 and 15376635.
405
Calculate the highest common divisor of 167243580 and 630.
630
What is the greatest common divisor of 17152 and 213998?
134
Calculate the highest common divisor of 605472 and 9576729.
2703
Calculate the highest common factor of 14 and 17284757.
7
What is the greatest common factor of 4536 and 9857736?
504
What is the greatest common divisor of 3766 and 319641133?
1883
What is the greatest common factor of 901088 and 596194?
1942
Calculate the highest common factor of 1479 and 87175131.
87
Calculate the highest common factor of 45409 and 27664.
91
What is the highest common factor of 6304284 and 24087?
651
What is the greatest common divisor of 8084 and 893851922?
4042
What is the greatest common divisor of 478 and 278652251?
239
Calculate the highest common divisor of 257342581 and 274.
137
Calculate the greatest common divisor of 240 and 1247130.
30
Calculate the highest common factor of 21239 and 195589.
317
Calculate the greatest common factor of 633 and 132133.
1
Calculate the greatest common divisor of 127 and 856922594.
127
What is the highest common divisor of 17344025 and 131200?
1025
What is the highest common factor of 1417999263 and 1553?
1553
What is the highest common factor of 846314 and 1916594?
1982
Calculate the greatest common factor of 35454881 and 71687.
3773
Calculate the greatest common factor of 9168 and 53688.
24
What is the highest common factor of 16864 and 74465627?
527
Calculate the greatest common factor of 2604 and 31868403.
651
Calculate the greatest common factor of 382450 and 44650.
50
What is the highest common divisor of 7918731 and 45?
9
What is the greatest common factor of 295860 and 28845?
15
Calculate the greatest common divisor of 9607480 and 133940.
3620
What is the highest common divisor of 109663385 and 195?
65
What is the highest common divisor of 147 and 170431457?
49
What is the greatest common divisor of 25 and 73695925?
25
What is the greatest common divisor of 896874 and 507238?
254
What is the highest common divisor of 80029 and 251547?
191
What is the highest common factor of 104799 and 260097?
543
What is the highest common divisor of 121368 and 6112?
8
What is the highest common factor of 71658 and 131155372?
2654
Calculate the greatest common factor of 228430793 and 139.
139
What is the greatest common divisor of 27208517 and 644?
161
What is the highest common factor of 39039 and 12643566?
507
Calculate the greatest common divisor of 2270 and 5258228.
454
Calculate the highest common factor of 699273 and 356.
89
What is the greatest common divisor of 40 and 19434965?
5
Calculate the highest common factor of 138 and 61045749.
69
What is the greatest common factor of 757588 and 494?
26
Calculate the highest common factor of 1671 and 183992696.
557
What is the highest common divisor of 132613 and 121301?
101
Calculate the highest common divisor of 28 and 57901724.
4
What is the highest common divisor of 72461333 and 77?
7
What is the greatest common divisor of 4103280 and 8?
8
What is the highest common factor of 512827 and 26901?
427
Calculate the highest common factor of 393427764 and 108.
36
What is the highest common divisor of 11613 and 45066378?
147
What is the greatest common divisor of 169472 and 3200000?
512
What is the highest common factor of 2688 and 199183488?
2688
What is the highest common factor of 9999 and 6977484?
909
Calculate the greatest common factor of 37260038 and 5058.
562
What is the highest common divisor of 12846 and 189?
3
What is the greatest common divisor of 244824 and 8376?
24
What is the highest common divisor of 2553 and 1250533?
23
Calculate the greatest common factor of 39909 and 684825137.
13303
Calculate the greatest common divisor of 68217838 and 884.
442
Calculate the greatest common factor of 280545 and 138591.
177
What is the greatest common divisor of 7959342 and 42?
6
What is the greatest common divisor of 50789494 and 28?
14
Calculate the highest common factor of 24153 and 1662.
3
Calculate the highest common divisor of 22487 and 166961.
199
Calculate the highest common divisor of 16 and 207057988.
4
Calculate the highest common factor of 1338144 and 1928352.
5088
What is the highest common factor of 43030 and 5706?
2
What is the greatest common divisor of 6011518 and 32650?
1306
What is the greatest common divi